ose -5*g + 2*g = -2*l + 7, m*l + g - 21 = 0. What is the remainder when 12 is divided by l?
2
Let s = 87 - 57. What is the remainder when 119 is divided by s?
29
Suppose -9 = -3*y, 0 = z + 3*y + y - 33. What is the remainder when z is divided by 13?
8
What is the remainder when (-3)/(6/(-28) + 0) is divided by (-112)/(-98)*14/4?
2
Calculate the remainder when 1*9 - (0 + 0) is divided by 3 + -4 - 1*-6.
4
Suppose 0 = i + 2*i - 45. Suppose 3*t = 5 - 8. Let p(w) = -26*w**3 - 2*w - 1. What is the remainder when p(t) is divided by i?
12
Suppose -10*s + 756 + 54 = 0. What is the remainder when s is divided by 12?
9
Suppose -3*w + 165 = -30. What is the remainder when w is divided by 17?
14
Let u(y) = -2*y + 1. Let m = 9 - 2. What is the remainder when u(-5) is divided by m?
4
Let m = -32 - -47. Let a = 23 + 6. Calculate the remainder when a is divided by m.
14
Suppose 0 = 4*d - 0*d - 44. Calculate the remainder when 42 is divided by d.
9
Let s(q) = 7*q + 38. What is the remainder when 7 is divided by s(-5)?
1
Suppose 2*b + 2*j - 24 = 0, -4 = -b + 3*j + 24. Let h(r) = -2*r**3 + 2*r - 2. Let g(u) = -u + 5. Let a be g(8). What is the remainder when h(a) is divided by b?
14
Suppose -z + 3*z = 3*s + 84, 4*z - 4*s - 160 = 0. Calculate the remainder when z is divided by 19.
17
Let o(t) = -t - 9. Let j be o(-7). Let r be 0/((-2)/(-4)*j). Suppose r = 5*n - q - 81 + 14, 4*n = -3*q + 65. What is the remainder when 27 is divided by n?
13
Suppose 5*o - 32 - 58 = 0. Let p = 50 + -15. Calculate the remainder when p is divided by o.
17
Let n = -27 - -60. What is the remainder when 98 is divided by n?
32
Suppose 0*h - 6 = 2*g + 3*h, -3*h - 21 = -3*g. Suppose -66 + 26 = -4*o. Suppose s + u + 1 = 7, -g*u + o = -5*s. What is the remainder when s is divided by 1?
0
Let b = -33 + 39. Suppose 5*w + 25 = 5*a - 10, -3*w - 12 = -2*a. Calculate the remainder when a is divided by b.
3
Let l(v) = v - 1 + 5 + 1. What is the remainder when 48 is divided by l(5)?
8
Let k = -14 + 10. Let p = k - 0. Let a = p + 12. Calculate the remainder when 21 is divided by a.
5
Let j(n) = -n**2 + 14*n + 13. Calculate the remainder when 76 is divided by j(14).
11
Let v be ((-15)/10)/(1/(-20)). Suppose 2*p - 62 = v. Calculate the remainder when p is divided by 16.
14
Suppose 0 = 5*p - 0*p - 130. Suppose 0 = -q + p + 32. Calculate the remainder when q is divided by 15.
13
Let z(u) = -2*u - 8. Let s be z(-6). Suppose -p = l + 30, s*l - 8*l - 8 = 0. Let q = 66 + p. Calculate the remainder when q is divided by 13.
12
Suppose -10 = -2*f + 20. Let v = -102 - -129. Calculate the remainder when v is divided by f.
12
Suppose -4*a - 3*g + 7*g = -20, 5 = a + 5*g. Let z(s) = -s + 6. Let b be z(3). What is the remainder when b/(-15) + 216/a is divided by 15?
13
Let v = -46 + 64. What is the remainder when v is divided by 11?
7
Let f(p) = 3*p**3 + p**2 - p. Suppose 3*k + 2 = 5. Let z be f(k). Suppose -u + 32 = -q, 5*q - z*q = -5*u + 195. Calculate the remainder when u is divided by 13.
11
Suppose 0 = 3*w - s - 11, 2*w + w - 3*s = 21. Let r be (2 - w)/(2/2). Calculate the remainder when (r - 2) + 2 + 1 is divided by 1.
0
Let d = 85 - 42. Calculate the remainder when d is divided by 15.
13
Let h = 32 - 23. Calculate the remainder when (-16)/12 + (-104)/(-6) is divided by h.
7
Suppose u + 8 = 5*u. Let m be 4*-11 + u/1. Let d = m + 71. Calculate the remainder when d is divided by 10.
9
Let s = 23 + 37. Suppose -5*j + 2*c = -3*c - s, 2*j + 3*c - 9 = 0. What is the remainder when 15 is divided by j?
6
Let f(d) = 2*d**2 + 40*d - 11. What is the remainder when 70 is divided by f(-21)?
8
Let n = 18 + -11. Calculate the remainder when n is divided by 5.
2
Let a(i) = i - 9. Calculate the remainder when -4*(-1 + 23/(-4)) is divided by a(19).
7
Let v = 33 + -29. Calculate the remainder when v is divided by 2.
0
Let r(p) = -p**2 + 6*p - 3. Let i be 3/(1 - 2/8). Let f be r(i). Let g(l) = -l**3 + 6*l**2 - 5*l + 6. Calculate the remainder when g(f) is divided by 4.
2
Let w(j) = -j**2 + 15*j - 6. Let r(o) = 2*o**2 - 29*o + 13. Let c(y) = -3*r(y) - 5*w(y). Let m = 21 - 13. Calculate the remainder when c(8) is divided by m.
7
Let s(y) = 0*y**2 + 8*y - 3 + y**3 + 13 + 8*y**2. Suppose d - 6*d = 35. Calculate the remainder when 5 is divided by s(d).
2
Let j = 8 - 1. What is the remainder when ((-4)/(-6))/(1/30) is divided by j?
6
Calculate the remainder when 29 is divided by -12*((-2)/7 + (-15)/70).
5
Suppose -5*y = -2*w + 51, w + y = 2*w - 30. Suppose -42 - w = -5*z. Suppose 0 = -5*p + 5*v + 55, 5 = 5*v + 15. What is the remainder when z is divided by p?
6
Suppose -2*f = -f - i - 13, -5*i = -2*f + 20. Calculate the remainder when f is divided by 6.
3
Suppose 0 = 5*j + 7 - 2. What is the remainder when 11 is divided by 3/j - -1*7?
3
Suppose -38 - 7 = -5*k. Suppose 0 = 3*d + 2*d + 2*x - 122, -4*d - x = -100. What is the remainder when d is divided by k?
8
Suppose -2*l + 4*l = 2*p - 132, l - 202 = -3*p. Let a(i) = -3*i + 5. Calculate the remainder when p is divided by a(-6).
21
Suppose -p + 4*p = 4*r - 143, -2*r + 4*p = -64. What is the remainder when r is divided by 34?
4
Let l = 1 - -2. Suppose l*c + c - 108 = 0. Calculate the remainder when c is divided by 1/((-1 + 3)/28).
13
Let t(u) be the first derivative of u**4/4 + 2*u**3 + u**2 + 2*u + 1. What is the remainder when t(-5) is divided by 9?
8
Let i = 16 - 6. Let p be (-24)/56 - (-48)/14. Let y = 30 - p. What is the remainder when y is divided by i?
7
Suppose 4*y = 6*y - 24. Suppose 5*b = -2*x + 84, -2*b + 3 = 7. What is the remainder when x is divided by y?
11
Let i = 11 + -17. Let s = i + 10. Suppose 0 = -2*j - 35 + 49. Calculate the remainder when j is divided by s.
3
Suppose -2*d = -p - 2, p + 1 = -3*d + 4*d. Suppose -y + x = 55, 5*y + 4*x + 106 + 205 = p. Let r = y - -105. Calculate the remainder when r is divided by 16.
14
Let z(c) = -154*c + 1. Let d be z(-1). Suppose -u + d = 3*u - 5*s, -3*u + 96 = 3*s. Calculate the remainder when u is divided by 18.
17
Suppose 0 = -2*k - b + 35, 2*k + 2*b - 32 = -0*k. Suppose 0 = -2*m + k - 3. Calculate the remainder when 29 is divided by m.
5
Let d(u) = 3*u + 1. Suppose 5*y - 2*y = 9. Calculate the remainder when 19 is divided by d(y).
9
Suppose 7*h = 10*h - 162. What is the remainder when h is divided by 7?
5
Let c(i) = -2*i**3 + 15*i**2 - 2*i - 9. Calculate the remainder when c(7) is divided by 14.
12
Let c(i) = -16*i + 43. Suppose -3*n = 2*n - 160. What is the remainder when n is divided by c(2)?
10
What is the remainder when -15 + 18 + 0 + 32 is divided by 13?
9
Let b be 10*(9/6 + -1). Suppose b*w - 172 = 3*d, -d - 4*d = w - 40. Suppose c = -4*c + w. What is the remainder when c is divided by 4?
3
Let l(o) = -3*o - 2. Let d(p) = -p**2 - 2*p + 2. Let a be d(3). Let x = 19 + a. What is the remainder when l(-6) is divided by x?
4
Let l(y) = -y**3 + 6*y**2 + 4*y + 7. Calculate the remainder when l(6) is divided by 93/6 + (-6)/(-4).
14
Suppose 5*a = y + 48, -y = 2*a - 2*y - 18. Calculate the remainder when 29 is divided by a.
9
Let i(t) be the second derivative of 17*t**4/6 + t**3/6 - t**2/2 - 2*t. What is the remainder when i(1) is divided by (4/10)/(1/30)?
10
Suppose -16 - 32 = -3*z. What is the remainder when z is divided by 9?
7
Let s(y) = y**3 + 14*y**2 - 2*y - 19. Calculate the remainder when 15 is divided by s(-14).
6
Calculate the remainder when 51 is divided by (-132)/8*4/(-6).
7
Let b be ((-2)/5)/((-1)/10). What is the remainder when (-85 + b)*(-1)/3 is divided by 10?
7
Suppose -3*t - 15 = -2*h, -7*t = -3*t - 12. Calculate the remainder when (-9)/(18/(-64)) + 1 is divided by h.
9
Suppose 2*x = 7*x - 80. Let b = -3 - -2. What is the remainder when b/(((-9)/93)/3) is divided by x?
15
Let z(d) = 5*d**2 + 3*d. What is the remainder when 71 is divided by z(-3)?
35
Suppose 7*q - 5*q - 20 = 0. What is the remainder when q is divided by 88/14 - 2/7?
4
Let k(d) = 7*d**2 + 13*d. Let r(h) = h**2 + h. Let n(u) = -k(u) + 6*r(u). Suppose 0*v + v = 34. Calculate the remainder when v is divided by n(-3).
10
Let h = -84 - -122. What is the remainder when 74 is divided by h?
36
Let u = -63 - -130. Let k = -41 + u. Calculate the remainder when k is divided by 7.
5
Let d(c) = c + 3. Let t be d(-3). Let f = 3 - t. Let h(z) = -z - 3. What is the